6*u + 130. What is o(1)?
146
Let u(j) = j**2 - 22*j - 4. Calculate u(23).
19
Let w(z) = 108*z**2 + 32*z + 78. Calculate w(-2).
446
Let i(s) = -4*s + 293. Give i(59).
57
Let r(h) = 37*h**2 - 486*h - 447. Determine r(14).
1
Let j(o) = 16*o**2 + 229*o + 67. What is j(-14)?
-3
Let s(v) = -223*v - 11684. Determine s(-52).
-88
Let x(a) = -2*a**2 - 7*a - 5. What is x(4)?
-65
Let n(a) = 8*a**2 + 800*a + 2412. Determine n(-3).
84
Let x(t) = 94*t - 1222. What is x(13)?
0
Let a(l) = l**2 + 57*l + 803. What is a(-35)?
33
Let c(d) = d**2 - 15*d - 12. Calculate c(-7).
142
Let k(o) = -27*o + 328. What is k(14)?
-50
Let f(v) = -25*v**2 - 3*v + 3. What is f(-3)?
-213
Let q(t) = t**3 + 6*t**2 + 2*t - 26. What is q(-5)?
-11
Let d(y) = -3*y**3 + 34*y**2 - 4*y - 77. What is d(11)?
0
Let x(j) = 12*j**2 + 210*j + 4. Give x(-18).
112
Let n(j) = -32*j - 90. Give n(-2).
-26
Let g(i) = 116*i + 2574. Give g(-22).
22
Let k(r) = r**2 + 32*r + 194. Calculate k(-32).
194
Let b(w) = w**3 - 8*w**2 + 7*w + 8. Calculate b(5).
-32
Let a(o) = -141*o + 2049. Calculate a(15).
-66
Let p(c) = -2*c**3 - 27*c**2 - 16*c + 16. Calculate p(-13).
55
Let k(m) = -m**3 - 22*m**2 - 42*m + 14. Determine k(-20).
54
Let t(v) = -72*v - 1650. Calculate t(-23).
6
Let s(l) = -630*l - 33381. Give s(-53).
9
Let z(m) = -4*m**2 - 24*m + 96. What is z(3)?
-12
Let q(i) = 2*i**3 + 18*i**2 - 31*i - 228. Calculate q(-10).
-118
Let s(d) = 2*d**3 + 9*d**2 - 9*d - 43. Calculate s(-2).
-5
Let t(y) = -122*y**2 + 4513*y + 39. What is t(37)?
2
Let y(g) = -235*g - 1760. Give y(-7).
-115
Let s(n) = -3*n**3 - 31*n**2 + 84*n + 686. Determine s(-11).
4
Let l(c) = -c**2 + 34. Determine l(11).
-87
Let l(s) = s**2 - 507*s + 25217. What is l(56)?
-39
Let p(x) = 194*x - 873. Calculate p(4).
-97
Let r(i) = 9*i + 324. What is r(-34)?
18
Let l(p) = -15*p - 151. Give l(-11).
14
Let t(g) = -446*g**2 + 2*g - 1. Determine t(1).
-445
Let a(p) = 96*p**2 + 14101*p - 1619. Determine a(-147).
-2
Let i(g) = 30*g**2 - 3*g + 11. Determine i(0).
11
Let a(w) = 2*w**2 + 9*w - 73. Determine a(-12).
107
Let x(y) = -y**2 + 33*y - 201. Calculate x(24).
15
Let f(u) = 2*u**3 - 14*u**2 + 27*u - 12. Calculate f(4).
0
Let k(w) = 61*w + 540. Determine k(-7).
113
Let v(t) = -t**3 + 38*t**2 + 368*t + 18. What is v(46)?
18
Let o(x) = -68*x**2 + 463*x + 82. What is o(7)?
-9
Let t(r) = -90*r - 456. What is t(-7)?
174
Let f(j) = -j**3 + 30*j**2 - 39*j + 240. Calculate f(29).
-50
Let g(r) = r**3 + 66*r**2 + 509*r + 11. Calculate g(-9).
47
Let t(o) = 2*o**2 + 89*o + 684. Give t(-40).
324
Let v(f) = -7*f + 252. Determine v(20).
112
Let i(h) = -11*h - 93. What is i(-7)?
-16
Let b(z) = 32*z - 375. Determine b(12).
9
Let m(f) = -f**3 - 17*f**2 - 9*f + 27. Determine m(2).
-67
Let p(w) = -96*w - 8833. What is p(-92)?
-1
Let d(a) = 5*a**3 + 2*a**2 + 4. What is d(-2)?
-28
Let d(v) = 3370*v + 10096. Give d(-3).
-14
Let z(x) = 13*x**3 + 4*x**2 + x - 7. Calculate z(-1).
-17
Let b(a) = -a**3 - 23*a**2 - 17*a + 83. Determine b(-22).
-27
Let v(a) = -27*a + 40. Give v(-7).
229
Let o(w) = -3*w**2 - 41*w + 6. Calculate o(-15).
-54
Let h(z) = 631*z + 667. Determine h(-1).
36
Let d(n) = -n**3 - 6*n**2 + 36*n + 205. Determine d(-5).
0
Let r(a) = -a**3 + 4*a**2 - 76*a + 412. Give r(5).
7
Let o(k) = -k**2 + 7*k + 3. Determine o(0).
3
Let w(b) = b**2 - 262*b - 9080. Calculate w(293).
3
Let y(m) = 59*m**2 - 759*m - 19. What is y(13)?
85
Let a(o) = -2*o**2 + 404*o - 2337. Calculate a(6).
15
Let h(n) = -5400*n + 16209. Determine h(3).
9
Let s(b) = 10*b**2 - 67*b - 59. Calculate s(8).
45
Let a(x) = -462*x - 317. What is a(-1)?
145
Let z(l) = l**3 + l**2 - 25*l + 116. Calculate z(7).
333
Let p(u) = 8*u + 82. What is p(-12)?
-14
Let s(q) = 516*q - 3607. What is s(7)?
5
Let f(b) = b**2 + 26*b + 112. What is f(-20)?
-8
Let t(a) = -166*a + 2050. What is t(12)?
58
Let o(c) = 48*c**3 + 6*c**2 + 8*c + 12. What is o(-2)?
-364
Let a(c) = 59*c - 111. Give a(-4).
-347
Let q(l) = -1156*l + 68182. Determine q(59).
-22
Let v(r) = -3153*r + 25231. What is v(8)?
7
Let r(x) = -x**2 + 643*x - 2560. Give r(4).
-4
Let t(w) = 26*w**2 - 1561*w + 52. Calculate t(60).
-8
Let c(t) = -54*t - 264. Determine c(0).
-264
Let r(h) = h**2 - 69*h + 642. What is r(58)?
4
Let o(r) = -60*r - 469. What is o(-9)?
71
Let t(f) = 8*f**2 + 2*f - 6. What is t(3)?
72
Let l(n) = 7*n**2 - 23*n - 133. Give l(-10).
797
Let v(x) = 66*x + 272. Give v(0).
272
Let h(k) = 198*k - 140. Calculate h(1).
58
Let q(z) = 41*z + 237. What is q(-7)?
-50
Let v(i) = -12*i**3 + 43*i**2 + 12. Give v(3).
75
Let y(g) = 3*g**2 + 46*g + 134. Calculate y(-11).
-9
Let j(i) = -2*i**2 - 67*i - 7. What is j(-32)?
89
Let n(d) = 13*d**3 + 9*d**2 - 10*d - 6. Give n(-1).
0
Let w(k) = -13*k**2 - 58*k - 3. Give w(-6).
-123
Let f(b) = -54*b - 152. What is f(-4)?
64
Let r(b) = -3*b + 299. Give r(89).
32
Let t(i) = 145*i + 1178. Determine t(-8).
18
Let i(s) = -2*s**3 - 23*s**2 - 28*s - 15. Give i(-9).
-168
Let h(z) = -810*z - 21836. Give h(-27).
34
Let v(d) = d**2 + 24*d - 92. Determine v(-20).
-172
Let i(b) = 2*b**3 - 26*b**2 + 29*b - 23. What is i(12)?
37
Let o(b) = -2*b**3 + 145*b**2 + 414*b - 2936. Determine o(75).
-11
Let n(w) = -2*w**3 + 717*w**2 + 360*w - 331. Calculate n(359).
28
Let k(o) = -23*o - 253. Give k(-22).
253
Let q(p) = -3*p**3 + 40*p**2 + 44*p - 230. Determine q(14).
-6
Let i(b) = b**2 + 6*b - 5. Determine i(0).
-5
Let p(d) = -4*d**3 - 18*d**2 - 17*d + 1. What is p(-4)?
37
Let x(m) = -1646*m - 5. What is x(0)?
-5
Let m(y) = -y**3 - 46*y**2 + 379*y + 436. Determine m(-53).
12
Let u(k) = -k**3 - 10*k**2 - 15*k - 57. Give u(-9).
-3
Let f(u) = -2*u**2 - 16*u + 218. Give f(-19).
-200
Let c(z) = 9*z**2 + 13*z + 24. Calculate c(-4).
116
Let v(p) = -p**3 - 13*p**2 + 12*p + 234. Give v(-11).
-140
Let t(z) = -31*z**2 - 4*z - 4. Determine t(-1).
-31
Let z(r) = 179*r + 42792. Determine z(-239).
11
Let q(p) = 243*p + 1191. Give q(-5).
-24
Let v(l) = 79*l - 1. Calculate v(-2).
-159
Let v(q) = q**3 - 8*q**2 + q - 30. Calculate v(8).
-22
Let t(c) = -93*c - 267. What is t(-2)?
-81
Let v(q) = q**3 + 14*q**2 - 55*q - 69. Determine v(-17).
-1
Let f(i) = 55*i + 1681. Give f(-34).
-189
Let g(j) = 26*j - 1721. Determine g(58).
-213
Let m(r) = 49*r**3 - 4*r**2 - 18*r + 23. Give m(1).
50
Let s(l) = -106*l - 1683. Give s(-16).
13
Let c(u) = u**3 - 15*u**2 + 52*u + 5. Give c(5).
15
Let v(w) = -w**3 + 54*w**2 - 87*w + 2083. Calculate v(53).
281
Let w(i) = i**3 + 43*i**2 - 54*i - 362. Determine w(-44).
78
Let y(n) = 27*n**2 - 138*n - 6. Give y(5).
-21
Let c(n) = -n - 62. Calculate c(-12).
-50
Let w(z) = -2*z**3 + 21*z**2 - 15*z + 44. Give w(10).
-6
Let q(x) = -x**3 + 10*x**2 - 16*x + 47. Determine q(8).
47
Let c(n) = -27*n + 564. What is c(22)?
-30
Let p(z) = 27*z**2 - 1238*z - 123. Give p(46).
61
Let s(h) = -43*h + 639. What is s(15)?
-6
Let q(k) = -419*k - 427. Determine q(-1).
-8
Let m(i) = 22*i**3 - 4*i**2 - 11*i + 64. What is m(3)?
589
Let h(s) = 2*s**2 + 94*s - 16. Determine h(-39).
-640
Let a(i) = 28*i + 22. Give a(-4).
-90
Let n(f) = -2137*f - 319. What is n(0)?
-319
Let z(f) = 3879*f + 19396. Determine z(-5).
1
Let m(p) = -9*p**2 + 11*p + 7. Determine m(-1).
-13
Let n(y) = 46*y + 568. What is n(-12)?
16
Let d(l) = 7*l**2 + 5*l - 60. What is d(5)?
140
Let b(s) = s**2 + 45*s + 184. Calculate b(-40).
-16
Let g(q) = -358*q + 2506. Determine g(7).
0
Let w(z) = -z**3 + 4*z**2 + 23*z - 15. Give w(7).
-1
Let i(g) = -20*g - 827. Give i(-37).
-87
Let x(z) = -110*z - 8480. What is x(-77)?
-10
Let l(o) = 3*o**3 + 6*o**2 + 5*o + 6. Calculate l(-4).
-110
Let o(u) = 42*u**2 - 19*u - 2. What is o(1)?
21
Let b(o) = -10*o**2 - 30*o - 200. Calculate b(-9).
-740
Let b(t) = -t**3 + 24*t**2 + 113*t - 22. What is b(28)?
6
Let f(p) = 300*p - 10159. What is f(34)?
41
Let x(q) = 2*q**3 - 31*q**2 - 20*q + 46. Determine x(15).
-479
Let w(j) = -j**3 - 27*j**2 - 183*j - 35. Calculate w(-13).
-22
Let d(j) = -11*j**2 - 34*j + 389. Calculate d(11).
-1316
Let o(m) = -9*m**2 + 232*m - 177. What is o(25)?
-2
Let x(l) = l**2 + 116*l + 1342. Calculate x(-13).
3
Let j(v) = -526*v - 5799. What is j(-11)?
-13
Let h(o) = -19717*o + 59147. Calculate h(3).
-4
Let z(k) = -6*k**3 + 41*k**2 + 59*k - 18. What is z(8)?
6
Let s(b) = -b**3 - 8*b**2 - 49*b - 383. Calculate s(-8).
9
Let a(o) = 15*o**2 - 471*o - 286. Wh